{"id":3712,"date":"2020-03-10T12:28:34","date_gmt":"2020-03-10T11:28:34","guid":{"rendered":"https:\/\/nnm-brandenburg.de\/nnm\/?post_type=ajde_events&#038;p=3712"},"modified":"2020-11-18T09:22:12","modified_gmt":"2020-11-18T08:22:12","slug":"klassikkampf-ernste-musik-bildung-und-kultur-fuer-alle","status":"publish","type":"ajde_events","link":"https:\/\/nnm-brandenburg.de\/index.php\/Veranstaltungen\/klassikkampf-ernste-musik-bildung-und-kultur-fuer-alle\/","title":{"rendered":"Klassikkampf. Ernste Musik, Bildung und Kultur f\u00fcr&nbsp;alle"},"content":{"rendered":"<p>Bert\u00adhold Selig\u00aders \u201cKlas\u00adsik\u00adkampf\u201d: Gesch\u00e4ft mit dem&nbsp;H\u00f6ren<br>\nEin Pl\u00e4\u00addoy\u00ader f\u00fcr die sub\u00adver\u00adsi\u00adven Sei\u00adten der Klassik<br>\n\u201cDer Mann ist ein Insi\u00adder, dem wir wich\u00adti\u00adge Erkennt\u00adnis\u00adse zur Funk\u00adti\u00adons\u00adwei\u00adse des Musik\u00adbe\u00adtriebs ver\u00addan\u00adken. Die Rede ist von dem Ber\u00adli\u00adner Bert\u00adhold Seli\u00adger: Er betreibt nicht nur eine Kon\u00adzert\u00adagen\u00adtur, son\u00addern leg\u00adte 2013 einen Insi\u00adder\u00adbe\u00adricht \u00fcber das Gesch\u00e4ft mit der Musik vor. Ende ver\u00adgan\u00adge\u00adnen Jah\u00adres erschien Selig\u00aders neu\u00ades Buch: In <em>Klas\u00adsik\u00adkampf. Erns\u00adte Musik, Bil\u00addung und Kul\u00adtur f\u00fcr alle<\/em> (Matthes &amp; Seitz) ana\u00adly\u00adsiert er den zeit\u00adge\u00adn\u00f6s\u00adsi\u00adschen Klas\u00adsik\u00adbe\u00adtrieb in all sei\u00adnen Facet\u00adten.\u201d (08.01.2018 Ger\u00adhard Dorfi | derStandard.at)<\/p>\n<p><strong>Frei\u00ader Eintritt!<\/strong><\/p>\n<p>Foto \u00a9 Bert\u00adhold Seliger<\/p>\n","protected":false},"author":1,"featured_media":0,"menu_order":0,"comment_status":"open","ping_status":"closed","template":"","meta":{"wp_typography_post_enhancements_disabled":false},"tags":[],"event_type":[],"event_type_2":[],"class_list":["post-3712","ajde_events","type-ajde_events","status-publish","hentry","event_location-cafe-hauszwei-auf-dem-freiland","event_organizer-landesmusikrat-brandenburg-e-v"],"yoast_head":"<!-- This site is optimized with the Yoast SEO plugin v27.5 - https:\/\/yoast.com\/product\/yoast-seo-wordpress\/ -->\n<title>Klassikkampf. Ernste Musik, Bildung und Kultur f\u00fcr alle - netzwerk neue musik brandenburg<\/title>\n<meta name=\"robots\" content=\"index, follow, max-snippet:-1, max-image-preview:large, max-video-preview:-1\" \/>\n<link rel=\"canonical\" href=\"https:\/\/nnm-brandenburg.de\/index.php\/Veranstaltungen\/klassikkampf-ernste-musik-bildung-und-kultur-fuer-alle\/\" \/>\n<meta property=\"og:locale\" content=\"de_DE\" \/>\n<meta property=\"og:type\" content=\"article\" \/>\n<meta property=\"og:title\" content=\"Klassikkampf. Ernste Musik, Bildung und Kultur f\u00fcr alle - netzwerk neue musik brandenburg\" \/>\n<meta property=\"og:description\" content=\"Bert\u00adhold Selig\u00aders \u201cKlas\u00adsik\u00adkampf\u201d: Gesch\u00e4ft mit dem&nbsp;H\u00f6ren Ein Pl\u00e4\u00addoy\u00ader f\u00fcr die sub\u00adver\u00adsi\u00adven Sei\u00adten der Klassik \u201cDer Mann ist ein Insi\u00adder, dem wir wich\u00adti\u00adge Erkennt\u00adnis\u00adse zur Funk\u00adti\u00adons\u00adwei\u00adse des Musik\u00adbe\u00adtriebs ver\u00addan\u00adken. Die Rede ist von dem Ber\u00adli\u00adner Bert\u00adhold Seli\u00adger: Er betreibt nicht nur eine Kon\u00adzert\u00adagen\u00adtur, son\u00addern leg\u00adte 2013 einen Insi\u00adder\u00adbe\u00adricht \u00fcber das Gesch\u00e4ft&hellip;\" \/>\n<meta property=\"og:url\" content=\"https:\/\/nnm-brandenburg.de\/index.php\/Veranstaltungen\/klassikkampf-ernste-musik-bildung-und-kultur-fuer-alle\/\" \/>\n<meta property=\"og:site_name\" content=\"netzwerk neue musik brandenburg\" \/>\n<meta property=\"article:modified_time\" content=\"2020-11-18T08:22:12+00:00\" \/>\n<meta property=\"og:image\" content=\"https:\/\/nnm-brandenburg.de\/wp-content\/uploads\/2020\/03\/Cover_Klassikkampf_Print_5_ohne_Anschnitt-scaled.jpg\" \/>\n\t<meta property=\"og:image:width\" content=\"1148\" \/>\n\t<meta property=\"og:image:height\" content=\"1920\" \/>\n\t<meta property=\"og:image:type\" content=\"image\/jpeg\" \/>\n<meta name=\"twitter:card\" content=\"summary_large_image\" \/>\n<script type=\"application\/ld+json\" class=\"yoast-schema-graph\">{\"@context\":\"https:\\\/\\\/schema.org\",\"@graph\":[{\"@type\":\"WebPage\",\"@id\":\"https:\\\/\\\/nnm-brandenburg.de\\\/index.php\\\/Veranstaltungen\\\/klassikkampf-ernste-musik-bildung-und-kultur-fuer-alle\\\/\",\"url\":\"https:\\\/\\\/nnm-brandenburg.de\\\/index.php\\\/Veranstaltungen\\\/klassikkampf-ernste-musik-bildung-und-kultur-fuer-alle\\\/\",\"name\":\"Klassikkampf. Ernste Musik, Bildung und Kultur f\u00fcr alle - netzwerk neue musik brandenburg\",\"isPartOf\":{\"@id\":\"https:\\\/\\\/nnm-brandenburg.de\\\/#website\"},\"datePublished\":\"2020-03-10T11:28:34+00:00\",\"dateModified\":\"2020-11-18T08:22:12+00:00\",\"breadcrumb\":{\"@id\":\"https:\\\/\\\/nnm-brandenburg.de\\\/index.php\\\/Veranstaltungen\\\/klassikkampf-ernste-musik-bildung-und-kultur-fuer-alle\\\/#breadcrumb\"},\"inLanguage\":\"de\",\"potentialAction\":[{\"@type\":\"ReadAction\",\"target\":[\"https:\\\/\\\/nnm-brandenburg.de\\\/index.php\\\/Veranstaltungen\\\/klassikkampf-ernste-musik-bildung-und-kultur-fuer-alle\\\/\"]}]},{\"@type\":\"BreadcrumbList\",\"@id\":\"https:\\\/\\\/nnm-brandenburg.de\\\/index.php\\\/Veranstaltungen\\\/klassikkampf-ernste-musik-bildung-und-kultur-fuer-alle\\\/#breadcrumb\",\"itemListElement\":[{\"@type\":\"ListItem\",\"position\":1,\"name\":\"Startseite\",\"item\":\"https:\\\/\\\/nnm-brandenburg.de\\\/\"},{\"@type\":\"ListItem\",\"position\":2,\"name\":\"Events\",\"item\":\"https:\\\/\\\/nnm-brandenburg.de\\\/index.php\\\/Veranstaltungen\\\/\"},{\"@type\":\"ListItem\",\"position\":3,\"name\":\"Klassikkampf. Ernste Musik, Bildung und Kultur f\u00fcr&nbsp;alle\"}]},{\"@type\":\"WebSite\",\"@id\":\"https:\\\/\\\/nnm-brandenburg.de\\\/#website\",\"url\":\"https:\\\/\\\/nnm-brandenburg.de\\\/\",\"name\":\"Netzwerk Neue Musik Brandenburg\",\"description\":\"Eine Initiative des Landesmusikrates Brandenburg\",\"publisher\":{\"@id\":\"https:\\\/\\\/nnm-brandenburg.de\\\/#organization\"},\"potentialAction\":[{\"@type\":\"SearchAction\",\"target\":{\"@type\":\"EntryPoint\",\"urlTemplate\":\"https:\\\/\\\/nnm-brandenburg.de\\\/?s={search_term_string}\"},\"query-input\":{\"@type\":\"PropertyValueSpecification\",\"valueRequired\":true,\"valueName\":\"search_term_string\"}}],\"inLanguage\":\"de\"},{\"@type\":\"Organization\",\"@id\":\"https:\\\/\\\/nnm-brandenburg.de\\\/#organization\",\"name\":\"Netzwerk Neue Musik Brandenburg\",\"url\":\"https:\\\/\\\/nnm-brandenburg.de\\\/\",\"logo\":{\"@type\":\"ImageObject\",\"inLanguage\":\"de\",\"@id\":\"https:\\\/\\\/nnm-brandenburg.de\\\/#\\\/schema\\\/logo\\\/image\\\/\",\"url\":\"https:\\\/\\\/nnm-brandenburg.de\\\/nnm\\\/wp-content\\\/uploads\\\/2020\\\/02\\\/lmr_logo_sign_vorn.png\",\"contentUrl\":\"https:\\\/\\\/nnm-brandenburg.de\\\/nnm\\\/wp-content\\\/uploads\\\/2020\\\/02\\\/lmr_logo_sign_vorn.png\",\"width\":1920,\"height\":472,\"caption\":\"Netzwerk Neue Musik Brandenburg\"},\"image\":{\"@id\":\"https:\\\/\\\/nnm-brandenburg.de\\\/#\\\/schema\\\/logo\\\/image\\\/\"}}]}<\/script>\n<!-- \/ Yoast SEO plugin. -->","yoast_head_json":{"title":"Klassikkampf. Ernste Musik, Bildung und Kultur f\u00fcr alle - netzwerk neue musik brandenburg","robots":{"index":"index","follow":"follow","max-snippet":"max-snippet:-1","max-image-preview":"max-image-preview:large","max-video-preview":"max-video-preview:-1"},"canonical":"https:\/\/nnm-brandenburg.de\/index.php\/Veranstaltungen\/klassikkampf-ernste-musik-bildung-und-kultur-fuer-alle\/","og_locale":"de_DE","og_type":"article","og_title":"Klassikkampf. Ernste Musik, Bildung und Kultur f\u00fcr alle - netzwerk neue musik brandenburg","og_description":"Bert\u00adhold Selig\u00aders \u201cKlas\u00adsik\u00adkampf\u201d: Gesch\u00e4ft mit dem&nbsp;H\u00f6ren Ein Pl\u00e4\u00addoy\u00ader f\u00fcr die sub\u00adver\u00adsi\u00adven Sei\u00adten der Klassik \u201cDer Mann ist ein Insi\u00adder, dem wir wich\u00adti\u00adge Erkennt\u00adnis\u00adse zur Funk\u00adti\u00adons\u00adwei\u00adse des Musik\u00adbe\u00adtriebs ver\u00addan\u00adken. Die Rede ist von dem Ber\u00adli\u00adner Bert\u00adhold Seli\u00adger: Er betreibt nicht nur eine Kon\u00adzert\u00adagen\u00adtur, son\u00addern leg\u00adte 2013 einen Insi\u00adder\u00adbe\u00adricht \u00fcber das Gesch\u00e4ft&hellip;","og_url":"https:\/\/nnm-brandenburg.de\/index.php\/Veranstaltungen\/klassikkampf-ernste-musik-bildung-und-kultur-fuer-alle\/","og_site_name":"netzwerk neue musik brandenburg","article_modified_time":"2020-11-18T08:22:12+00:00","og_image":[{"width":1148,"height":1920,"url":"https:\/\/nnm-brandenburg.de\/wp-content\/uploads\/2020\/03\/Cover_Klassikkampf_Print_5_ohne_Anschnitt-scaled.jpg","type":"image\/jpeg"}],"twitter_card":"summary_large_image","schema":{"@context":"https:\/\/schema.org","@graph":[{"@type":"WebPage","@id":"https:\/\/nnm-brandenburg.de\/index.php\/Veranstaltungen\/klassikkampf-ernste-musik-bildung-und-kultur-fuer-alle\/","url":"https:\/\/nnm-brandenburg.de\/index.php\/Veranstaltungen\/klassikkampf-ernste-musik-bildung-und-kultur-fuer-alle\/","name":"Klassikkampf. Ernste Musik, Bildung und Kultur f\u00fcr alle - netzwerk neue musik brandenburg","isPartOf":{"@id":"https:\/\/nnm-brandenburg.de\/#website"},"datePublished":"2020-03-10T11:28:34+00:00","dateModified":"2020-11-18T08:22:12+00:00","breadcrumb":{"@id":"https:\/\/nnm-brandenburg.de\/index.php\/Veranstaltungen\/klassikkampf-ernste-musik-bildung-und-kultur-fuer-alle\/#breadcrumb"},"inLanguage":"de","potentialAction":[{"@type":"ReadAction","target":["https:\/\/nnm-brandenburg.de\/index.php\/Veranstaltungen\/klassikkampf-ernste-musik-bildung-und-kultur-fuer-alle\/"]}]},{"@type":"BreadcrumbList","@id":"https:\/\/nnm-brandenburg.de\/index.php\/Veranstaltungen\/klassikkampf-ernste-musik-bildung-und-kultur-fuer-alle\/#breadcrumb","itemListElement":[{"@type":"ListItem","position":1,"name":"Startseite","item":"https:\/\/nnm-brandenburg.de\/"},{"@type":"ListItem","position":2,"name":"Events","item":"https:\/\/nnm-brandenburg.de\/index.php\/Veranstaltungen\/"},{"@type":"ListItem","position":3,"name":"Klassikkampf. Ernste Musik, Bildung und Kultur f\u00fcr&nbsp;alle"}]},{"@type":"WebSite","@id":"https:\/\/nnm-brandenburg.de\/#website","url":"https:\/\/nnm-brandenburg.de\/","name":"Netzwerk Neue Musik Brandenburg","description":"Eine Initiative des Landesmusikrates Brandenburg","publisher":{"@id":"https:\/\/nnm-brandenburg.de\/#organization"},"potentialAction":[{"@type":"SearchAction","target":{"@type":"EntryPoint","urlTemplate":"https:\/\/nnm-brandenburg.de\/?s={search_term_string}"},"query-input":{"@type":"PropertyValueSpecification","valueRequired":true,"valueName":"search_term_string"}}],"inLanguage":"de"},{"@type":"Organization","@id":"https:\/\/nnm-brandenburg.de\/#organization","name":"Netzwerk Neue Musik Brandenburg","url":"https:\/\/nnm-brandenburg.de\/","logo":{"@type":"ImageObject","inLanguage":"de","@id":"https:\/\/nnm-brandenburg.de\/#\/schema\/logo\/image\/","url":"https:\/\/nnm-brandenburg.de\/nnm\/wp-content\/uploads\/2020\/02\/lmr_logo_sign_vorn.png","contentUrl":"https:\/\/nnm-brandenburg.de\/nnm\/wp-content\/uploads\/2020\/02\/lmr_logo_sign_vorn.png","width":1920,"height":472,"caption":"Netzwerk Neue Musik Brandenburg"},"image":{"@id":"https:\/\/nnm-brandenburg.de\/#\/schema\/logo\/image\/"}}]}},"publishpress_future_workflow_manual_trigger":{"enabledWorkflows":[]},"_links":{"self":[{"href":"https:\/\/nnm-brandenburg.de\/index.php\/wp-json\/wp\/v2\/ajde_events\/3712","targetHints":{"allow":["GET"]}}],"collection":[{"href":"https:\/\/nnm-brandenburg.de\/index.php\/wp-json\/wp\/v2\/ajde_events"}],"about":[{"href":"https:\/\/nnm-brandenburg.de\/index.php\/wp-json\/wp\/v2\/types\/ajde_events"}],"author":[{"embeddable":true,"href":"https:\/\/nnm-brandenburg.de\/index.php\/wp-json\/wp\/v2\/users\/1"}],"replies":[{"embeddable":true,"href":"https:\/\/nnm-brandenburg.de\/index.php\/wp-json\/wp\/v2\/comments?post=3712"}],"wp:attachment":[{"href":"https:\/\/nnm-brandenburg.de\/index.php\/wp-json\/wp\/v2\/media?parent=3712"}],"wp:term":[{"taxonomy":"post_tag","embeddable":true,"href":"https:\/\/nnm-brandenburg.de\/index.php\/wp-json\/wp\/v2\/tags?post=3712"},{"taxonomy":"event_type","embeddable":true,"href":"https:\/\/nnm-brandenburg.de\/index.php\/wp-json\/wp\/v2\/event_type?post=3712"},{"taxonomy":"event_type_2","embeddable":true,"href":"https:\/\/nnm-brandenburg.de\/index.php\/wp-json\/wp\/v2\/event_type_2?post=3712"}],"curies":[{"name":"wp","href":"https:\/\/api.w.org\/{rel}","templated":true}]}}

Klassikkampf. Ernste Musik, Bildung und Kultur für&nbsp;alle

<p>Bert­hold Selig­ers “Klas­sik­kampf”: Geschäft mit dem&nbsp;Hören<br>
Ein Plä­doy­er für die sub­ver­si­ven Sei­ten der Klassik<br>
“Der Mann ist ein Insi­der, dem wir wich­ti­ge Erkennt­nis­se zur Funk­ti­ons­wei­se des Musik­be­triebs ver­dan­ken. Die Rede ist von dem Ber­li­ner Bert­hold Seli­ger: Er betreibt nicht nur eine Kon­zert­agen­tur, son­dern leg­te 2013 einen Insi­der­be­richt über das Geschäft mit der Musik vor. Ende ver­gan­ge­nen Jah­res erschien Selig­ers neu­es Buch: In <em>Klas­sik­kampf. Erns­te Musik, Bil­dung und Kul­tur für alle</em> (Matthes &amp; Seitz) ana­ly­siert er den zeit­ge­nös­si­schen Klas­sik­be­trieb in all sei­nen Facet­ten.” (08.01.2018 Ger­hard Dorfi | derStandard.at)</p>
<p><strong>Frei­er Eintritt!</strong></p>
<p>Foto © Bert­hold Seliger</p>

<!-- This site is optimized with the Yoast SEO plugin v27.5 - https://yoast.com/product/yoast-seo-wordpress/ -->
<title>Klassikkampf. Ernste Musik, Bildung und Kultur für alle - netzwerk neue musik brandenburg</title>
<meta name="robots" content="index, follow, max-snippet:-1, max-image-preview:large, max-video-preview:-1" />
<link rel="canonical" href="https://nnm-brandenburg.de/index.php/Veranstaltungen/klassikkampf-ernste-musik-bildung-und-kultur-fuer-alle/" />
<meta property="og:locale" content="de_DE" />
<meta property="og:type" content="article" />
<meta property="og:title" content="Klassikkampf. Ernste Musik, Bildung und Kultur für alle - netzwerk neue musik brandenburg" />
<meta property="og:description" content="Bert­hold Selig­ers “Klas­sik­kampf”: Geschäft mit dem&nbsp;Hören Ein Plä­doy­er für die sub­ver­si­ven Sei­ten der Klassik “Der Mann ist ein Insi­der, dem wir wich­ti­ge Erkennt­nis­se zur Funk­ti­ons­wei­se des Musik­be­triebs ver­dan­ken. Die Rede ist von dem Ber­li­ner Bert­hold Seli­ger: Er betreibt nicht nur eine Kon­zert­agen­tur, son­dern leg­te 2013 einen Insi­der­be­richt über das Geschäft&hellip;" />
<meta property="og:url" content="https://nnm-brandenburg.de/index.php/Veranstaltungen/klassikkampf-ernste-musik-bildung-und-kultur-fuer-alle/" />
<meta property="og:site_name" content="netzwerk neue musik brandenburg" />
<meta property="article:modified_time" content="2020-11-18T08:22:12+00:00" />
<meta property="og:image" content="https://nnm-brandenburg.de/wp-content/uploads/2020/03/Cover_Klassikkampf_Print_5_ohne_Anschnitt-scaled.jpg" />
	<meta property="og:image:width" content="1148" />
	<meta property="og:image:height" content="1920" />
	<meta property="og:image:type" content="image/jpeg" />
<meta name="twitter:card" content="summary_large_image" />
<script type="application/ld+json" class="yoast-schema-graph">{"@context":"https:\/\/schema.org","@graph":[{"@type":"WebPage","@id":"https:\/\/nnm-brandenburg.de\/index.php\/Veranstaltungen\/klassikkampf-ernste-musik-bildung-und-kultur-fuer-alle\/","url":"https:\/\/nnm-brandenburg.de\/index.php\/Veranstaltungen\/klassikkampf-ernste-musik-bildung-und-kultur-fuer-alle\/","name":"Klassikkampf. Ernste Musik, Bildung und Kultur für alle - netzwerk neue musik brandenburg","isPartOf":{"@id":"https:\/\/nnm-brandenburg.de\/#website"},"datePublished":"2020-03-10T11:28:34+00:00","dateModified":"2020-11-18T08:22:12+00:00","breadcrumb":{"@id":"https:\/\/nnm-brandenburg.de\/index.php\/Veranstaltungen\/klassikkampf-ernste-musik-bildung-und-kultur-fuer-alle\/#breadcrumb"},"inLanguage":"de","potentialAction":[{"@type":"ReadAction","target":["https:\/\/nnm-brandenburg.de\/index.php\/Veranstaltungen\/klassikkampf-ernste-musik-bildung-und-kultur-fuer-alle\/"]}]},{"@type":"BreadcrumbList","@id":"https:\/\/nnm-brandenburg.de\/index.php\/Veranstaltungen\/klassikkampf-ernste-musik-bildung-und-kultur-fuer-alle\/#breadcrumb","itemListElement":[{"@type":"ListItem","position":1,"name":"Startseite","item":"https:\/\/nnm-brandenburg.de\/"},{"@type":"ListItem","position":2,"name":"Events","item":"https:\/\/nnm-brandenburg.de\/index.php\/Veranstaltungen\/"},{"@type":"ListItem","position":3,"name":"Klassikkampf. Ernste Musik, Bildung und Kultur für&nbsp;alle"}]},{"@type":"WebSite","@id":"https:\/\/nnm-brandenburg.de\/#website","url":"https:\/\/nnm-brandenburg.de\/","name":"Netzwerk Neue Musik Brandenburg","description":"Eine Initiative des Landesmusikrates Brandenburg","publisher":{"@id":"https:\/\/nnm-brandenburg.de\/#organization"},"potentialAction":[{"@type":"SearchAction","target":{"@type":"EntryPoint","urlTemplate":"https:\/\/nnm-brandenburg.de\/?s={search_term_string}"},"query-input":{"@type":"PropertyValueSpecification","valueRequired":true,"valueName":"search_term_string"}}],"inLanguage":"de"},{"@type":"Organization","@id":"https:\/\/nnm-brandenburg.de\/#organization","name":"Netzwerk Neue Musik Brandenburg","url":"https:\/\/nnm-brandenburg.de\/","logo":{"@type":"ImageObject","inLanguage":"de","@id":"https:\/\/nnm-brandenburg.de\/#\/schema\/logo\/image\/","url":"https:\/\/nnm-brandenburg.de\/nnm\/wp-content\/uploads\/2020\/02\/lmr_logo_sign_vorn.png","contentUrl":"https:\/\/nnm-brandenburg.de\/nnm\/wp-content\/uploads\/2020\/02\/lmr_logo_sign_vorn.png","width":1920,"height":472,"caption":"Netzwerk Neue Musik Brandenburg"},"image":{"@id":"https:\/\/nnm-brandenburg.de\/#\/schema\/logo\/image\/"}}]}</script>
<!-- / Yoast SEO plugin. -->

Klassikkampf. Ernste Musik, Bildung und Kultur für alle - netzwerk neue musik brandenburg

Bert­hold Selig­ers “Klas­sik­kampf”: Geschäft mit dem&nbsp;Hören Ein Plä­doy­er für die sub­ver­si­ven Sei­ten der Klassik “Der Mann ist ein Insi­der, dem wir wich­ti­ge Erkennt­nis­se zur Funk­ti­ons­wei­se des Musik­be­triebs ver­dan­ken. Die Rede ist von dem Ber­li­ner Bert­hold Seli­ger: Er betreibt nicht nur eine Kon­zert­agen­tur, son­dern leg­te 2013 einen Insi­der­be­richt über das Geschäft&hellip;
