{"id":2463,"date":"2019-12-05T13:03:11","date_gmt":"2019-12-05T12:03:11","guid":{"rendered":"https:\/\/nnm-brandenburg.de\/nnm\/?page_id=2463"},"modified":"2020-03-26T12:37:03","modified_gmt":"2020-03-26T11:37:03","slug":"musikakademie-rheinsberg","status":"publish","type":"page","link":"https:\/\/nnm-brandenburg.de\/index.php\/netzwerk\/institutionen\/musikakademie-rheinsberg\/","title":{"rendered":"Musikakademie Rheinsberg"},"content":{"rendered":"\n<div class=\"alignnormal\"><div id=\"metaslider-id-3417\" style=\"max-width: 800px;\" class=\"ml-slider-3-108-0 metaslider metaslider-flex metaslider-3417 ml-slider has-dots-nav ms-theme-default\" role=\"region\" aria-label=\"MA Rheinsberg\" data-height=\"400\" data-width=\"800\">\n    <div id=\"metaslider_container_3417\">\n        <div id=\"metaslider_3417\">\n            <ul class=\"slides\">\n                <li style=\"display: block; width: 100%;\" class=\"slide-3419 ms-image \" aria-roledescription=\"slide\" data-date=\"2020-02-24 09:43:53\" data-filename=\"Auff\u00fchrung_WelcheWelt_2018\u00aeuwehauth_1024x517-800x400.jpg\" data-slide-type=\"image\"><img decoding=\"async\" src=\"https:\/\/nnm-brandenburg.de\/wp-content\/uploads\/2020\/02\/Auff\u00fchrung_WelcheWelt_2018\u00aeuwehauth_1024x517-800x400.jpg\" height=\"400\" width=\"800\" alt class=\"slider-3417 slide-3419 msDefaultImage\" title=\"Musikakademie Rheinsberg | \u00a9 U. Hauth\"><\/li>\n                <li style=\"display: none; width: 100%;\" class=\"slide-3421 ms-image \" aria-roledescription=\"slide\" data-date=\"2020-02-24 09:46:02\" data-filename=\"Akkordeonspieler-c-Andreas-Kunow-20190609_0420_1024x517-800x400.jpg\" data-slide-type=\"image\"><img decoding=\"async\" src=\"https:\/\/nnm-brandenburg.de\/wp-content\/uploads\/2020\/02\/Akkordeonspieler-c-Andreas-Kunow-20190609_0420_1024x517-800x400.jpg\" height=\"400\" width=\"800\" alt class=\"slider-3417 slide-3421 msDefaultImage\" title=\"Musikakademie Rheinsberg | \u00a9  A. Kunow\"><\/li>\n                <li style=\"display: none; width: 100%;\" class=\"slide-3423 ms-image \" aria-roledescription=\"slide\" data-date=\"2020-02-24 09:48:23\" data-filename=\"Ensemble-c-Andreas-Kunow-20190609_0457_1024x517-800x400.jpg\" data-slide-type=\"image\"><img decoding=\"async\" src=\"https:\/\/nnm-brandenburg.de\/wp-content\/uploads\/2020\/02\/Ensemble-c-Andreas-Kunow-20190609_0457_1024x517-800x400.jpg\" height=\"400\" width=\"800\" alt class=\"slider-3417 slide-3423 msDefaultImage\" title=\"Musikakademie Rheinsberg | \u00a9  A. Kunow\"><\/li>\n                <li style=\"display: none; width: 100%;\" class=\"slide-3425 ms-image \" aria-roledescription=\"slide\" data-date=\"2020-02-24 09:50:11\" data-filename=\"Kavalierhaus_Rheinsberg-c-Musikkultur-Rheinsberg_1024x517-800x400.jpg\" data-slide-type=\"image\"><img decoding=\"async\" src=\"https:\/\/nnm-brandenburg.de\/wp-content\/uploads\/2020\/02\/Kavalierhaus_Rheinsberg-c-Musikkultur-Rheinsberg_1024x517-800x400.jpg\" height=\"400\" width=\"800\" alt class=\"slider-3417 slide-3425 msDefaultImage\" title=\"Musikakademie Rheinsberg | \u00a9  Musikkultur Rheinsberg\"><\/li>\n            <\/ul>\n        <\/div>\n        \n    <\/div>\n<\/div><\/div>\n\n\n\n<div style=\"height:30px\" aria-hidden=\"true\" class=\"wp-block-spacer\"><\/div>\n\n\n\n<p class=\"block\">Die Bun\u00addes- und Lan\u00addes\u00adaka\u00adde\u00admie Musik\u00adaka\u00adde\u00admie Rheins\u00adberg ver\u00adsteht sich als Arbeits\u2011, Bil\u00addungs- und Begeg\u00adnungs\u00adst\u00e4t\u00adte f\u00fcr Musi\u00adke\u00adrin\u00adnen und Musi\u00adker aller Gene\u00adra\u00adtio\u00adnen aus dem Land Bran\u00adden\u00adburg, dem Bun\u00addes\u00adge\u00adbiet und dar\u00ad\u00fcber hin\u00adaus. Schwer\u00adpunkt\u00adthe\u00admen der Musik\u00adaka\u00adde\u00admie Rheins\u00adberg sind das Musik\u00adthea\u00adter, Zeit\u00adge\u00adn\u00f6s\u00adsi\u00adsche und Alte Musik. Die brei\u00adte Ange\u00adbots\u00adpa\u00adlet\u00adte reicht von (p\u00e4d\u00adago\u00adgi\u00adschen) Fort- und Wei\u00adter\u00adbil\u00addun\u00adgen \u00fcber die Exzel\u00adlenz\u00adf\u00f6r\u00adde\u00adrung in Form von Meis\u00adter\u00adkur\u00adsen, Sti\u00adpen\u00addi\u00aden und Pro\u00adjek\u00adten im Bereich der Kin\u00adder- und Jugendbildung.<\/p>\n\n\n\n<div class=\"wp-block-columns is-layout-flex wp-container-core-columns-is-layout-9d6595d7 wp-block-columns-is-layout-flex\">\n<div class=\"wp-block-column is-layout-flow wp-block-column-is-layout-flow\">\n<figure class=\"wp-block-image size-large\"><img decoding=\"async\" width=\"945\" height=\"591\" src=\"https:\/\/nnm-brandenburg.de\/nnm\/wp-content\/uploads\/2020\/02\/RB_Musikakademie_Logo_RGB.jpg\" alt class=\"wp-image-3414\" srcset=\"https:\/\/nnm-brandenburg.de\/wp-content\/uploads\/2020\/02\/RB_Musikakademie_Logo_RGB.jpg 945w, https:\/\/nnm-brandenburg.de\/wp-content\/uploads\/2020\/02\/RB_Musikakademie_Logo_RGB-300x188.jpg 300w, https:\/\/nnm-brandenburg.de\/wp-content\/uploads\/2020\/02\/RB_Musikakademie_Logo_RGB-768x480.jpg 768w\" sizes=\"(max-width: 945px) 100vw, 945px\"><\/figure>\n<\/div>\n\n\n\n<div class=\"wp-block-column is-layout-flow wp-block-column-is-layout-flow\">\n<div style=\"height:60px\" aria-hidden=\"true\" class=\"wp-block-spacer\"><\/div>\n\n\n\n<p class=\"block\">Als Arbeits- und Pro\u00adben\u00adort steht die Aka\u00adde\u00admie mit ihrem G\u00e4s\u00adte\u00adhaus und den zahl\u00adrei\u00adchen Pro\u00adben\u00adr\u00e4u\u00admen im his\u00adto\u00adri\u00adschen Kava\u00adlier\u00adhaus Ensem\u00adbles wie Ch\u00f6\u00adren, Orches\u00adtern oder Thea\u00adter\u00adgrup\u00adpen sowie f\u00fcr Tagun\u00adgen und Semi\u00adna\u00adre zur Ver\u00adf\u00fc\u00adgung. Im Fokus ihrer Zusam\u00admen\u00adar\u00adbeit mit loka\u00adlen, regio\u00adna\u00adlen und bun\u00addes\u00adwei\u00adten, (musik-) kul\u00adtu\u00adrel\u00adlen Ein\u00adrich\u00adtun\u00adgen steht die Ver\u00adnet\u00adzung zwi\u00adschen musisch-kul\u00adtu\u00adrel\u00adler Bil\u00addung und Wis\u00adsen\u00adschaft. Die Musik\u00adaka\u00adde\u00admie ver\u00adsteht sich dabei vor allem als Ideen\u00adschmie\u00adde und Impulsgeber.&nbsp;<\/p>\n<\/div>\n<\/div>\n\n\n\n<p class=\"block\">Als Arbeits- und Pro\u00adben\u00adort steht die Aka\u00adde\u00admie mit ihrem G\u00e4s\u00adte\u00adhaus und den zahl\u00adrei\u00adchen Pro\u00adben\u00adr\u00e4u\u00admen im his\u00adto\u00adri\u00adschen Kava\u00adlier\u00adhaus Ensem\u00adbles wie Ch\u00f6\u00adren, Orches\u00adtern oder Thea\u00adter\u00adgrup\u00adpen sowie f\u00fcr Tagun\u00adgen und Semi\u00adna\u00adre zur Ver\u00adf\u00fc\u00adgung. Im Fokus ihrer Zusam\u00admen\u00adar\u00adbeit mit loka\u00adlen, regio\u00adna\u00adlen und bun\u00addes\u00adwei\u00adten, (musik-) kul\u00adtu\u00adrel\u00adlen Ein\u00adrich\u00adtun\u00adgen steht die Ver\u00adnet\u00adzung zwi\u00adschen musisch-kul\u00adtu\u00adrel\u00adler Bil\u00addung und Wis\u00adsen\u00adschaft. Die Musik\u00adaka\u00adde\u00admie ver\u00adsteht sich dabei vor allem als Ideen\u00adschmie\u00adde und Impuls\u00adge\u00adber. Das K\u00fcnst\u00adler\u00adhaus und das Schloss\u00adthea\u00adter in der Rheins\u00adber\u00adger Schloss\u00adan\u00adla\u00adge bie\u00adten idea\u00adle Vor\u00adaus\u00adset\u00adzun\u00adgen f\u00fcr eine enge Ver\u00adbin\u00addung von Bil\u00addungs- und Ver\u00adan\u00adstal\u00adtungs\u00adt\u00e4\u00adtig\u00adkeit, vom Kon\u00adzert bis zu sze\u00adni\u00adschen Pro\u00adduk\u00adtio\u00adnen und neu\u00aden zeit\u00adge\u00adm\u00e4\u00ad\u00dfen Dar\u00adbie\u00adtungs- und Vermittlungsformen.<\/p>\n\n\n\n<p>Kon\u00adtakt: <a style=\"text-decoration: none;\" rel=\"noreferrer noopener\" aria-label=\"Musikakademie Rheinsberg (\u00f6ffnet in neuem Tab)\" href=\"https:\/\/musikakademie-rheinsberg.de\/\" target=\"_blank\">Musik\u00adaka\u00adde\u00admie Rheins\u00adberg<\/a> <\/p>\n\n\n\n<div style=\"height:150px\" aria-hidden=\"true\" class=\"wp-block-spacer\"><\/div>\n","protected":false},"excerpt":{"rendered":"<p>Die Bun\u00ad\u00addes- und Lan\u00addes\u00adaka\u00adde\u00admie Musik\u00adaka\u00adde\u00admie Rheins\u00adberg ver\u00adsteht sich als Arbeits\u2011, Bil\u00ad\u00addungs- und Begeg\u00adnungs\u00adst\u00e4t\u00adte f\u00fcr Musi\u00adke\u00adrin\u00adnen und Musi\u00adker aller Gene\u00adra\u00adtio\u00adnen aus dem Land Bran\u00adden\u00adburg, dem Bun\u00addes\u00adge\u00adbiet und dar\u00ad\u00fcber hin\u00adaus. Schwer\u00adpunkt\u00adthe\u00admen der Musik\u00adaka\u00adde\u00admie Rheins\u00adberg sind das Musik\u00adthea\u00adter, Zeit\u00adge\u00adn\u00f6s\u00adsi\u00adsche und Alte Musik. Die brei\u00adte Ange\u00adbots\u00adpa\u00adlet\u00adte reicht von (p\u00e4d\u00adago\u00adgi\u00adschen) Fort- und Wei\u00adter\u00adbil\u00addun\u00adgen \u00fcber&nbsp;die\u2026&nbsp;<\/p>\n","protected":false},"author":1,"featured_media":0,"parent":2445,"menu_order":0,"comment_status":"closed","ping_status":"closed","template":"","meta":{"wp_typography_post_enhancements_disabled":false,"footnotes":""},"class_list":["post-2463","page","type-page","status-publish","hentry"],"yoast_head":"<!-- This site is optimized with the Yoast SEO plugin v27.5 - https:\/\/yoast.com\/product\/yoast-seo-wordpress\/ -->\n<title>Musikakademie Rheinsberg - netzwerk neue musik brandenburg<\/title>\n<meta name=\"description\" content=\"Die Bundes- und Landesakademie Musikakademie Rheinsberg versteht sich als Arbeits-, Bildungs- und Begegnungsst\u00e4tte f\u00fcr Musikerinnen und Musiker aller Generationen aus dem Land Brandenburg, dem Bundesgebiet und dar\u00fcber hinaus. Schwerpunktthemen der Musikakademie Rheinsberg sind das Musiktheater, Zeitgen\u00f6ssische und Alte Musik.\" \/>\n<meta name=\"robots\" content=\"index, follow, max-snippet:-1, max-image-preview:large, max-video-preview:-1\" \/>\n<link rel=\"canonical\" href=\"https:\/\/nnm-brandenburg.de\/index.php\/netzwerk\/institutionen\/musikakademie-rheinsberg\/\" \/>\n<meta property=\"og:locale\" content=\"de_DE\" \/>\n<meta property=\"og:type\" content=\"article\" \/>\n<meta property=\"og:title\" content=\"Musikakademie Rheinsberg - netzwerk neue musik brandenburg\" \/>\n<meta property=\"og:description\" content=\"Die Bundes- und Landesakademie Musikakademie Rheinsberg versteht sich als Arbeits-, Bildungs- und Begegnungsst\u00e4tte f\u00fcr Musikerinnen und Musiker aller Generationen aus dem Land Brandenburg, dem Bundesgebiet und dar\u00fcber hinaus. Schwerpunktthemen der Musikakademie Rheinsberg sind das Musiktheater, Zeitgen\u00f6ssische und Alte Musik.\" \/>\n<meta property=\"og:url\" content=\"https:\/\/nnm-brandenburg.de\/index.php\/netzwerk\/institutionen\/musikakademie-rheinsberg\/\" \/>\n<meta property=\"og:site_name\" content=\"netzwerk neue musik brandenburg\" \/>\n<meta property=\"article:modified_time\" content=\"2020-03-26T11:37:03+00:00\" \/>\n<meta property=\"og:image\" content=\"https:\/\/nnm-brandenburg.de\/nnm\/wp-content\/uploads\/2020\/02\/RB_Musikakademie_Logo_RGB.jpg\" \/>\n<meta name=\"twitter:card\" content=\"summary_large_image\" \/>\n<meta name=\"twitter:label1\" content=\"Gesch\u00e4tzte Lesezeit\" \/>\n\t<meta name=\"twitter:data1\" content=\"1\u00a0Minute\" \/>\n<script type=\"application\/ld+json\" class=\"yoast-schema-graph\">{\"@context\":\"https:\\\/\\\/schema.org\",\"@graph\":[{\"@type\":\"WebPage\",\"@id\":\"https:\\\/\\\/nnm-brandenburg.de\\\/index.php\\\/netzwerk\\\/institutionen\\\/musikakademie-rheinsberg\\\/\",\"url\":\"https:\\\/\\\/nnm-brandenburg.de\\\/index.php\\\/netzwerk\\\/institutionen\\\/musikakademie-rheinsberg\\\/\",\"name\":\"Musikakademie Rheinsberg - netzwerk neue musik brandenburg\",\"isPartOf\":{\"@id\":\"https:\\\/\\\/nnm-brandenburg.de\\\/#website\"},\"primaryImageOfPage\":{\"@id\":\"https:\\\/\\\/nnm-brandenburg.de\\\/index.php\\\/netzwerk\\\/institutionen\\\/musikakademie-rheinsberg\\\/#primaryimage\"},\"image\":{\"@id\":\"https:\\\/\\\/nnm-brandenburg.de\\\/index.php\\\/netzwerk\\\/institutionen\\\/musikakademie-rheinsberg\\\/#primaryimage\"},\"thumbnailUrl\":\"https:\\\/\\\/nnm-brandenburg.de\\\/nnm\\\/wp-content\\\/uploads\\\/2020\\\/02\\\/RB_Musikakademie_Logo_RGB.jpg\",\"datePublished\":\"2019-12-05T12:03:11+00:00\",\"dateModified\":\"2020-03-26T11:37:03+00:00\",\"description\":\"Die Bundes- und Landesakademie Musikakademie Rheinsberg versteht sich als Arbeits-, Bildungs- und Begegnungsst\u00e4tte f\u00fcr Musikerinnen und Musiker aller Generationen aus dem Land Brandenburg, dem Bundesgebiet und dar\u00fcber hinaus. Schwerpunktthemen der Musikakademie Rheinsberg sind das Musiktheater, Zeitgen\u00f6ssische und Alte Musik.\",\"breadcrumb\":{\"@id\":\"https:\\\/\\\/nnm-brandenburg.de\\\/index.php\\\/netzwerk\\\/institutionen\\\/musikakademie-rheinsberg\\\/#breadcrumb\"},\"inLanguage\":\"de\",\"potentialAction\":[{\"@type\":\"ReadAction\",\"target\":[\"https:\\\/\\\/nnm-brandenburg.de\\\/index.php\\\/netzwerk\\\/institutionen\\\/musikakademie-rheinsberg\\\/\"]}]},{\"@type\":\"ImageObject\",\"inLanguage\":\"de\",\"@id\":\"https:\\\/\\\/nnm-brandenburg.de\\\/index.php\\\/netzwerk\\\/institutionen\\\/musikakademie-rheinsberg\\\/#primaryimage\",\"url\":\"https:\\\/\\\/nnm-brandenburg.de\\\/nnm\\\/wp-content\\\/uploads\\\/2020\\\/02\\\/RB_Musikakademie_Logo_RGB.jpg\",\"contentUrl\":\"https:\\\/\\\/nnm-brandenburg.de\\\/nnm\\\/wp-content\\\/uploads\\\/2020\\\/02\\\/RB_Musikakademie_Logo_RGB.jpg\"},{\"@type\":\"BreadcrumbList\",\"@id\":\"https:\\\/\\\/nnm-brandenburg.de\\\/index.php\\\/netzwerk\\\/institutionen\\\/musikakademie-rheinsberg\\\/#breadcrumb\",\"itemListElement\":[{\"@type\":\"ListItem\",\"position\":1,\"name\":\"Startseite\",\"item\":\"https:\\\/\\\/nnm-brandenburg.de\\\/\"},{\"@type\":\"ListItem\",\"position\":2,\"name\":\"Netzwerk\",\"item\":\"https:\\\/\\\/nnm-brandenburg.de\\\/index.php\\\/netzwerk\\\/\"},{\"@type\":\"ListItem\",\"position\":3,\"name\":\"Institutionen | Vereine\",\"item\":\"https:\\\/\\\/nnm-brandenburg.de\\\/index.php\\\/netzwerk\\\/institutionen\\\/\"},{\"@type\":\"ListItem\",\"position\":4,\"name\":\"Musikakademie Rheinsberg\"}]},{\"@type\":\"WebSite\",\"@id\":\"https:\\\/\\\/nnm-brandenburg.de\\\/#website\",\"url\":\"https:\\\/\\\/nnm-brandenburg.de\\\/\",\"name\":\"Netzwerk Neue Musik Brandenburg\",\"description\":\"Eine Initiative des Landesmusikrates Brandenburg\",\"publisher\":{\"@id\":\"https:\\\/\\\/nnm-brandenburg.de\\\/#organization\"},\"potentialAction\":[{\"@type\":\"SearchAction\",\"target\":{\"@type\":\"EntryPoint\",\"urlTemplate\":\"https:\\\/\\\/nnm-brandenburg.de\\\/?s={search_term_string}\"},\"query-input\":{\"@type\":\"PropertyValueSpecification\",\"valueRequired\":true,\"valueName\":\"search_term_string\"}}],\"inLanguage\":\"de\"},{\"@type\":\"Organization\",\"@id\":\"https:\\\/\\\/nnm-brandenburg.de\\\/#organization\",\"name\":\"Netzwerk Neue Musik Brandenburg\",\"url\":\"https:\\\/\\\/nnm-brandenburg.de\\\/\",\"logo\":{\"@type\":\"ImageObject\",\"inLanguage\":\"de\",\"@id\":\"https:\\\/\\\/nnm-brandenburg.de\\\/#\\\/schema\\\/logo\\\/image\\\/\",\"url\":\"https:\\\/\\\/nnm-brandenburg.de\\\/nnm\\\/wp-content\\\/uploads\\\/2020\\\/02\\\/lmr_logo_sign_vorn.png\",\"contentUrl\":\"https:\\\/\\\/nnm-brandenburg.de\\\/nnm\\\/wp-content\\\/uploads\\\/2020\\\/02\\\/lmr_logo_sign_vorn.png\",\"width\":1920,\"height\":472,\"caption\":\"Netzwerk Neue Musik Brandenburg\"},\"image\":{\"@id\":\"https:\\\/\\\/nnm-brandenburg.de\\\/#\\\/schema\\\/logo\\\/image\\\/\"}}]}<\/script>\n<!-- \/ Yoast SEO plugin. -->","yoast_head_json":{"title":"Musikakademie Rheinsberg - netzwerk neue musik brandenburg","description":"Die Bundes- und Landesakademie Musikakademie Rheinsberg versteht sich als Arbeits-, Bildungs- und Begegnungsst\u00e4tte f\u00fcr Musikerinnen und Musiker aller Generationen aus dem Land Brandenburg, dem Bundesgebiet und dar\u00fcber hinaus. Schwerpunktthemen der Musikakademie Rheinsberg sind das Musiktheater, Zeitgen\u00f6ssische und Alte Musik.","robots":{"index":"index","follow":"follow","max-snippet":"max-snippet:-1","max-image-preview":"max-image-preview:large","max-video-preview":"max-video-preview:-1"},"canonical":"https:\/\/nnm-brandenburg.de\/index.php\/netzwerk\/institutionen\/musikakademie-rheinsberg\/","og_locale":"de_DE","og_type":"article","og_title":"Musikakademie Rheinsberg - netzwerk neue musik brandenburg","og_description":"Die Bundes- und Landesakademie Musikakademie Rheinsberg versteht sich als Arbeits-, Bildungs- und Begegnungsst\u00e4tte f\u00fcr Musikerinnen und Musiker aller Generationen aus dem Land Brandenburg, dem Bundesgebiet und dar\u00fcber hinaus. Schwerpunktthemen der Musikakademie Rheinsberg sind das Musiktheater, Zeitgen\u00f6ssische und Alte Musik.","og_url":"https:\/\/nnm-brandenburg.de\/index.php\/netzwerk\/institutionen\/musikakademie-rheinsberg\/","og_site_name":"netzwerk neue musik brandenburg","article_modified_time":"2020-03-26T11:37:03+00:00","og_image":[{"url":"https:\/\/nnm-brandenburg.de\/nnm\/wp-content\/uploads\/2020\/02\/RB_Musikakademie_Logo_RGB.jpg","type":"","width":"","height":""}],"twitter_card":"summary_large_image","twitter_misc":{"Gesch\u00e4tzte Lesezeit":"1\u00a0Minute"},"schema":{"@context":"https:\/\/schema.org","@graph":[{"@type":"WebPage","@id":"https:\/\/nnm-brandenburg.de\/index.php\/netzwerk\/institutionen\/musikakademie-rheinsberg\/","url":"https:\/\/nnm-brandenburg.de\/index.php\/netzwerk\/institutionen\/musikakademie-rheinsberg\/","name":"Musikakademie Rheinsberg - netzwerk neue musik brandenburg","isPartOf":{"@id":"https:\/\/nnm-brandenburg.de\/#website"},"primaryImageOfPage":{"@id":"https:\/\/nnm-brandenburg.de\/index.php\/netzwerk\/institutionen\/musikakademie-rheinsberg\/#primaryimage"},"image":{"@id":"https:\/\/nnm-brandenburg.de\/index.php\/netzwerk\/institutionen\/musikakademie-rheinsberg\/#primaryimage"},"thumbnailUrl":"https:\/\/nnm-brandenburg.de\/nnm\/wp-content\/uploads\/2020\/02\/RB_Musikakademie_Logo_RGB.jpg","datePublished":"2019-12-05T12:03:11+00:00","dateModified":"2020-03-26T11:37:03+00:00","description":"Die Bundes- und Landesakademie Musikakademie Rheinsberg versteht sich als Arbeits-, Bildungs- und Begegnungsst\u00e4tte f\u00fcr Musikerinnen und Musiker aller Generationen aus dem Land Brandenburg, dem Bundesgebiet und dar\u00fcber hinaus. Schwerpunktthemen der Musikakademie Rheinsberg sind das Musiktheater, Zeitgen\u00f6ssische und Alte Musik.","breadcrumb":{"@id":"https:\/\/nnm-brandenburg.de\/index.php\/netzwerk\/institutionen\/musikakademie-rheinsberg\/#breadcrumb"},"inLanguage":"de","potentialAction":[{"@type":"ReadAction","target":["https:\/\/nnm-brandenburg.de\/index.php\/netzwerk\/institutionen\/musikakademie-rheinsberg\/"]}]},{"@type":"ImageObject","inLanguage":"de","@id":"https:\/\/nnm-brandenburg.de\/index.php\/netzwerk\/institutionen\/musikakademie-rheinsberg\/#primaryimage","url":"https:\/\/nnm-brandenburg.de\/nnm\/wp-content\/uploads\/2020\/02\/RB_Musikakademie_Logo_RGB.jpg","contentUrl":"https:\/\/nnm-brandenburg.de\/nnm\/wp-content\/uploads\/2020\/02\/RB_Musikakademie_Logo_RGB.jpg"},{"@type":"BreadcrumbList","@id":"https:\/\/nnm-brandenburg.de\/index.php\/netzwerk\/institutionen\/musikakademie-rheinsberg\/#breadcrumb","itemListElement":[{"@type":"ListItem","position":1,"name":"Startseite","item":"https:\/\/nnm-brandenburg.de\/"},{"@type":"ListItem","position":2,"name":"Netzwerk","item":"https:\/\/nnm-brandenburg.de\/index.php\/netzwerk\/"},{"@type":"ListItem","position":3,"name":"Institutionen | Vereine","item":"https:\/\/nnm-brandenburg.de\/index.php\/netzwerk\/institutionen\/"},{"@type":"ListItem","position":4,"name":"Musikakademie Rheinsberg"}]},{"@type":"WebSite","@id":"https:\/\/nnm-brandenburg.de\/#website","url":"https:\/\/nnm-brandenburg.de\/","name":"Netzwerk Neue Musik Brandenburg","description":"Eine Initiative des Landesmusikrates Brandenburg","publisher":{"@id":"https:\/\/nnm-brandenburg.de\/#organization"},"potentialAction":[{"@type":"SearchAction","target":{"@type":"EntryPoint","urlTemplate":"https:\/\/nnm-brandenburg.de\/?s={search_term_string}"},"query-input":{"@type":"PropertyValueSpecification","valueRequired":true,"valueName":"search_term_string"}}],"inLanguage":"de"},{"@type":"Organization","@id":"https:\/\/nnm-brandenburg.de\/#organization","name":"Netzwerk Neue Musik Brandenburg","url":"https:\/\/nnm-brandenburg.de\/","logo":{"@type":"ImageObject","inLanguage":"de","@id":"https:\/\/nnm-brandenburg.de\/#\/schema\/logo\/image\/","url":"https:\/\/nnm-brandenburg.de\/nnm\/wp-content\/uploads\/2020\/02\/lmr_logo_sign_vorn.png","contentUrl":"https:\/\/nnm-brandenburg.de\/nnm\/wp-content\/uploads\/2020\/02\/lmr_logo_sign_vorn.png","width":1920,"height":472,"caption":"Netzwerk Neue Musik Brandenburg"},"image":{"@id":"https:\/\/nnm-brandenburg.de\/#\/schema\/logo\/image\/"}}]}},"publishpress_future_action":{"enabled":false,"date":"2026-05-08 20:45:51","action":"change-status","newStatus":"draft","terms":[],"taxonomy":"","extraData":[]},"publishpress_future_workflow_manual_trigger":{"enabledWorkflows":[]},"_links":{"self":[{"href":"https:\/\/nnm-brandenburg.de\/index.php\/wp-json\/wp\/v2\/pages\/2463","targetHints":{"allow":["GET"]}}],"collection":[{"href":"https:\/\/nnm-brandenburg.de\/index.php\/wp-json\/wp\/v2\/pages"}],"about":[{"href":"https:\/\/nnm-brandenburg.de\/index.php\/wp-json\/wp\/v2\/types\/page"}],"author":[{"embeddable":true,"href":"https:\/\/nnm-brandenburg.de\/index.php\/wp-json\/wp\/v2\/users\/1"}],"replies":[{"embeddable":true,"href":"https:\/\/nnm-brandenburg.de\/index.php\/wp-json\/wp\/v2\/comments?post=2463"}],"version-history":[{"count":13,"href":"https:\/\/nnm-brandenburg.de\/index.php\/wp-json\/wp\/v2\/pages\/2463\/revisions"}],"predecessor-version":[{"id":3427,"href":"https:\/\/nnm-brandenburg.de\/index.php\/wp-json\/wp\/v2\/pages\/2463\/revisions\/3427"}],"up":[{"embeddable":true,"href":"https:\/\/nnm-brandenburg.de\/index.php\/wp-json\/wp\/v2\/pages\/2445"}],"wp:attachment":[{"href":"https:\/\/nnm-brandenburg.de\/index.php\/wp-json\/wp\/v2\/media?parent=2463"}],"curies":[{"name":"wp","href":"https:\/\/api.w.org\/{rel}","templated":true}]}}